t common divisor of 670140 and 893690.
170
Calculate the highest common divisor of 4466831187 and 21.
21
What is the greatest common factor of 3296 and 53361416?
824
What is the greatest common factor of 231 and 38299569?
231
What is the highest common divisor of 600 and 7281648?
24
Calculate the greatest common divisor of 150518 and 192508.
646
Calculate the highest common factor of 748148054 and 1861.
1861
Calculate the greatest common factor of 220 and 315830680.
220
What is the greatest common factor of 187221180 and 10338?
10338
Calculate the greatest common factor of 11885786 and 352.
22
What is the highest common factor of 2623 and 2726151?
61
Calculate the greatest common divisor of 2021591 and 6752.
211
What is the greatest common divisor of 2149536 and 672?
96
Calculate the highest common divisor of 5720 and 25178582.
286
What is the greatest common divisor of 5436 and 13520691?
1359
What is the greatest common divisor of 1283643 and 19107?
1737
What is the highest common divisor of 43530275 and 150?
25
Calculate the highest common factor of 131026119 and 7.
7
What is the greatest common divisor of 252 and 62178606?
126
Calculate the greatest common divisor of 586683062 and 14.
14
Calculate the highest common divisor of 14286006 and 4095.
63
What is the greatest common divisor of 1232 and 669893840?
1232
Calculate the greatest common factor of 3953 and 682931.
67
What is the highest common factor of 20817 and 43882493?
257
What is the greatest common factor of 121950 and 6250?
50
Calculate the highest common divisor of 80799103 and 7.
7
What is the highest common factor of 23929983 and 12936?
1617
Calculate the greatest common factor of 51 and 638945.
17
What is the greatest common factor of 508368 and 14385?
21
Calculate the greatest common factor of 75647 and 588159.
143
Calculate the greatest common factor of 15917515 and 15.
5
Calculate the highest common factor of 457292 and 507452.
836
What is the highest common divisor of 1705 and 427955?
1705
What is the highest common factor of 26058808 and 9898?
202
What is the highest common divisor of 3784249 and 1064?
133
What is the greatest common factor of 15213638 and 3212?
1606
What is the greatest common factor of 91536667 and 226?
113
What is the highest common factor of 2857008 and 2112?
528
What is the highest common factor of 702 and 29399994?
234
What is the highest common factor of 115 and 273439893?
23
What is the greatest common divisor of 14510 and 59338645?
7255
What is the highest common factor of 344 and 44589194?
86
Calculate the highest common factor of 57190573 and 1569.
523
Calculate the highest common divisor of 3330 and 91866375.
1665
What is the greatest common divisor of 1087489 and 26897?
13
Calculate the highest common factor of 31496 and 1102106.
254
Calculate the highest common divisor of 2396740 and 101432.
1636
Calculate the greatest common divisor of 1026 and 129782502.
342
What is the highest common factor of 1977913043 and 313?
313
What is the highest common divisor of 171425658 and 9?
3
Calculate the highest common divisor of 52200776 and 248.
248
What is the greatest common factor of 5601778 and 1274?
1274
What is the greatest common divisor of 896 and 75683216?
112
What is the highest common divisor of 6212 and 269375615?
1553
Calculate the highest common divisor of 26226 and 2865888.
558
Calculate the highest common factor of 67147243 and 3701.
3701
What is the greatest common factor of 3772900868 and 44?
44
What is the greatest common factor of 122793191 and 859?
859
Calculate the highest common factor of 541025 and 1047679.
1273
What is the highest common factor of 308 and 20733295?
11
What is the highest common factor of 2144 and 846344?
536
Calculate the greatest common divisor of 4808477 and 1790.
179
Calculate the greatest common divisor of 6121116 and 5776.
1444
Calculate the greatest common factor of 653342 and 5751.
71
What is the highest common factor of 4632 and 993408?
24
Calculate the highest common factor of 66 and 14695104.
6
Calculate the greatest common divisor of 897540 and 4270.
70
What is the highest common divisor of 13547093 and 8463?
217
What is the greatest common divisor of 21185990 and 70?
70
What is the greatest common factor of 307934404 and 1436?
1436
What is the greatest common factor of 106704 and 266?
38
Calculate the greatest common factor of 556 and 58794081.
139
Calculate the highest common factor of 23785 and 4544.
71
Calculate the highest common factor of 647875171 and 934.
467
Calculate the greatest common factor of 72737247 and 4324.
1081
What is the highest common factor of 3 and 864119?
1
What is the greatest common divisor of 5 and 15003985?
5
What is the greatest common divisor of 31269 and 10667196?
4467
Calculate the greatest common factor of 6 and 468516.
6
What is the greatest common factor of 18546612 and 28?
28
Calculate the greatest common factor of 2295 and 3680245.
85
What is the highest common factor of 12354888 and 4992?
312
Calculate the highest common divisor of 24245 and 156715.
65
Calculate the highest common factor of 4332626 and 666.
74
Calculate the greatest common factor of 18178414 and 3337.
71
What is the greatest common factor of 353686139 and 2397?
799
What is the highest common factor of 57293 and 676706?
1081
Calculate the greatest common factor of 464 and 42548.
4
What is the highest common divisor of 19685 and 789725?
155
Calculate the highest common divisor of 4221 and 129889081.
469
Calculate the highest common factor of 7784462 and 22713.
67
What is the highest common divisor of 25745 and 69712311?
5149
What is the highest common factor of 34780 and 2852040?
20
What is the highest common factor of 7690 and 18840?
10
Calculate the greatest common factor of 289089093 and 230.
23
Calculate the greatest common factor of 1066209782 and 110803.
15829
Calculate the greatest common divisor of 12116286 and 126.
126
What is the highest common divisor of 8356 and 17731432?
8356
Calculate the highest common factor of 19174545 and 45.
45
What is the greatest common factor of 61096 and 35896?
56
Calculate the highest common factor of 576 and 512436.
12
Calculate the highest common factor of 818515998 and 564.
282
What is the greatest common divisor of 7135224 and 3894?
354
What is the highest common factor of 3634 and 2436124580?
3634
Calculate the highest common factor of 214 and 2380429.
107
What is the highest common divisor of 7930 and 22699690?
130
What is the highest common factor of 13818429 and 9?
9
Calculate the highest common factor of 1117280 and 6770.
10
Calculate the highest common factor of 775 and 3578795.
155
What is the greatest common divisor of 18019749 and 2211?
33
What is the greatest common factor of 2708871 and 32465?
43
Calculate the highest common factor of 5520 and 212992305.
345
Calculate the greatest common divisor of 7470 and 6390502.
166
What is the greatest common factor of 20 and 1447463790?
10
Calculate the highest common divisor of 445383 and 6651.
9
Calculate the highest common factor of 97482306 and 6.
6
Calculate the greatest common divisor of 138910 and 1144810.
4790
Calculate the greatest common divisor of 8961186 and 22191.
39
What is the highest common divisor of 90846 and 4648?
14
What is the highest common divisor of 2088 and 165024?
72
Calculate the highest common divisor of 175796271 and 5972.
1493
What is the greatest common factor of 6909 and 109839?
141
Calculate the highest common factor of 76540191 and 39.
39
What is the highest common factor of 62108809 and 82?
41
What is the greatest common factor of 22444 and 591108?
124
Calculate the greatest common factor of 47547425 and 125.
25
What is the highest common divisor of 63795 and 3105?
15
What is the greatest common factor of 275293 and 793?
61
What is the greatest common factor of 124030791 and 26273?
2021
Calculate the greatest common divisor of 708092 and 2640316.
532
What is the highest common divisor of 72 and 19420716?
12
What is the highest common divisor of 1260 and 4605230?
70
What is the greatest common divisor of 52042495 and 28651?
4093
Calculate the greatest common factor of 9 and 32082.
3
Calculate the greatest common factor of 2454 and 35226352.
818
What is the greatest c